{"id":911,"date":"2025-05-28T10:26:33","date_gmt":"2025-05-28T08:26:33","guid":{"rendered":"https:\/\/dreipalmen.com\/?page_id=911"},"modified":"2025-05-28T16:42:14","modified_gmt":"2025-05-28T14:42:14","slug":"das-kasino","status":"publish","type":"page","link":"https:\/\/dreipalmen.com\/?page_id=911","title":{"rendered":"Das Kasino"},"content":{"rendered":"\n<div data-wp-interactive=\"\" class=\"wp-block-file\"><object data-wp-bind--hidden=\"!selectors.core.file.hasPdfPreview\" hidden class=\"wp-block-file__embed\" data=\"https:\/\/dreipalmen.com\/wp-2cf85-content\/uploads\/2025\/05\/Kasino_QR_PDF_2.pdf\" type=\"application\/pdf\" style=\"width:100%;height:600px\" aria-label=\"Einbettung von Kasino_QR_PDF_2.\"><\/object><a id=\"wp-block-file--media-10b53281-659d-457c-bda2-527b98c6ba00\" href=\"https:\/\/dreipalmen.com\/wp-2cf85-content\/uploads\/2025\/05\/Kasino_QR_PDF_2.pdf\" target=\"_blank\" rel=\"noreferrer noopener\">Kasino_QR_PDF_2<\/a><a href=\"https:\/\/dreipalmen.com\/wp-2cf85-content\/uploads\/2025\/05\/Kasino_QR_PDF_2.pdf\" class=\"wp-block-file__button wp-element-button\" download aria-describedby=\"wp-block-file--media-10b53281-659d-457c-bda2-527b98c6ba00\">Herunterladen<\/a><\/div>\n\n\n\n<p><strong>Das Kasino<\/strong><\/p>\n\n\n\n<figure class=\"wp-block-image size-large\"><a href=\"https:\/\/dreipalmen.com\/wp-2cf85-content\/uploads\/2025\/05\/Bildschirmfoto-2025-05-28-um-14.11.58.png\" data-rel=\"lightbox-image-0\" data-rl_title=\"\" data-rl_caption=\"\" title=\"\"><img loading=\"lazy\" decoding=\"async\" width=\"1024\" height=\"246\" src=\"https:\/\/dreipalmen.com\/wp-2cf85-content\/uploads\/2025\/05\/Bildschirmfoto-2025-05-28-um-14.11.58-1024x246.png\" alt=\"\" class=\"wp-image-948\" srcset=\"https:\/\/dreipalmen.com\/wp-2cf85-content\/uploads\/2025\/05\/Bildschirmfoto-2025-05-28-um-14.11.58-1024x246.png 1024w, https:\/\/dreipalmen.com\/wp-2cf85-content\/uploads\/2025\/05\/Bildschirmfoto-2025-05-28-um-14.11.58-300x72.png 300w, https:\/\/dreipalmen.com\/wp-2cf85-content\/uploads\/2025\/05\/Bildschirmfoto-2025-05-28-um-14.11.58-768x184.png 768w, https:\/\/dreipalmen.com\/wp-2cf85-content\/uploads\/2025\/05\/Bildschirmfoto-2025-05-28-um-14.11.58-1536x368.png 1536w, https:\/\/dreipalmen.com\/wp-2cf85-content\/uploads\/2025\/05\/Bildschirmfoto-2025-05-28-um-14.11.58-1200x288.png 1200w, https:\/\/dreipalmen.com\/wp-2cf85-content\/uploads\/2025\/05\/Bildschirmfoto-2025-05-28-um-14.11.58-1860x446.png 1860w, https:\/\/dreipalmen.com\/wp-2cf85-content\/uploads\/2025\/05\/Bildschirmfoto-2025-05-28-um-14.11.58.png 2010w\" sizes=\"(max-width: 1024px) 100vw, 1024px\" \/><\/a><\/figure>\n\n\n\n<p><strong>1<\/strong> Fahrenkrog\/ Meier\/ Reinert; <strong>2<\/strong> Eva-Christina Meier; <strong>3<\/strong> Inken Reinert ; <strong>4<\/strong> Valeria Fahrenkrog; <strong>5<\/strong> Leonardo Portus ; <strong>6<\/strong> Mar\u00eda Mu\u00f1oz ; <strong>7<\/strong> Marcela Moraga<\/p>\n\n\n\n<p><strong>1_Valeria Fahrenkrog, Eva-Christina Meier, Inken Reinert. Das Glasdach, 2025<\/strong>. Pigment auf Glas, variable Gr\u00f6\u00dfe\/ <em>1972 entwarf der chilenische K\u00fcnstler und Architekt Juan Bernal Ponce ein Glasmosaik f\u00fcr das Dach des Atriums in dem Kulturzentrum in Santiago. Es z\u00e4hlt zu den wenigen Kunstwerken, die nach dem Brand des Geb\u00e4udekomplexes 2006 rekonstruiert wurden.<\/em><\/p>\n\n\n\n<p><strong>2_Eva Christina Meier. o.T. (Mimbre), 2025. Objekt aus geflochtenem Peddigrohr, ca. 50 x 150 cm<\/strong>\/ <em>1972 fertigte der chilenische Korbflechter Alfredo Manzano gro\u00dfe Weiden-Fische (Pez de mimbre) f\u00fcr die Decke des Kasinos des Kulturzentrums. Replicas der geflochtenen Fische befinden sich im wiederer\u00f6ffneten Centro Cultural Gabriela Mistral in Stgo.<\/em><\/p>\n\n\n\n<p><strong>3_Inken Reinert. Bewegung (Hommage an einen Brunnen von Manfred Vollmert, Cottbus ) 2025<\/strong> Keramik, M\u00f6belelemente, Wasserpumpe, Gr. variable<\/p>\n\n\n\n<p><strong>4_Valeria Fahrenkrog. Lugar de trueno \/ Thunder Site, 2011\u2013 2012<\/strong>. Mixed Media auf Holz, div. Gr\u00f6\u00dfen\/ <em>Die chilenische Stadt Talca wurde durch ein Erdbeben am 27. Februar 2010 stark zerst\u00f6rt. Die Werkserie \u201cLugar de trueno\u201d besch\u00e4ftigt sich mit einem Zwischenzustand: w\u00e4hrend Bewohner*Innen versuchen, ihre H\u00e4user zu sichern und wieder aufzubauen \u2013 entdecken Immobilienfirmen nach der Zerst\u00f6rung nun g\u00fcnstige Grundst\u00fccke in der Innenstadt.<\/em><\/p>\n\n\n\n<p><strong>5_Leonardo Portus. Cuartel Ollag\u00fce, 2002.<\/strong> Modellbau, Mixtechnik, variable Gr\u00f6\u00dfe\/ <em>\u201eCuartel Ollag\u00fce&#8220;, aus der Serie \u201e5 Lugares de Santiago\/ 5 Orte aus Santiago\u201c (2002) zeigt das Modell eines Wohnhauses, das ab 1974 von der Milit\u00e4rdiktatur Pinochets als klandestines Folterzentrum vom Geheimdienst genutzt wurde.<\/em><\/p>\n\n\n\n<p><strong>6_Mar\u00eda Mu\u00f1oz. Unbound Space, 2019\/2025<\/strong>. Kiefernholz, Acrylfarbe, Volltonfarbe, Klarlack, Installation\/ Wandrelief, 178 x 188,5 x 2,5 cm\/ <em>Die verschiedenen geometrischen Formen von<\/em> <em>\u201cUnbound Space\u201d basieren auf bestimmten wieder kehrenden Figuren, Symbolen und Zeichen: die Raute, das symmetrische Kreuz oder die Spirale, welche in gewebten Textilien der Mapuche zu finden sind. Die Installation betont die Vorstellung von Zeit als einen zyklisch wiederkehrenden Prozess, der in der indigenen Weltvorstellung im Einklang mit der Natur stattfindet. F\u00fcr die Ausstellung im Pavillon am Milchhof wurde die Arbeit neu arrangiert.<\/em><\/p>\n\n\n\n<p><strong>7_Marcela Moraga. Rotary bits and blasthole drillings, 2019 (aus der Serie \u201eThe Mountain as Warp\u201c)<\/strong> Hand- u. Maschinenstickerei, Filz, Wolle, Garn, 120 x 110 cm\/ <em>Zeichen des Mega-Bergbaus \u2013 Bagger, Bohrer, Lastwagen und deren Spuren in der Landschaft greifen in das traditionelle Design von Pflanzen, Tieren und Bew\u00e4sserungskan\u00e4len ein, transformieren die Geschichte und die Gestalt des Awayos*.<br>*(Eine traditionelle Textilart aus der Aymara- und Quechua-Kultur. Heute werden Awayos durch industrielle Fertigung massentauglich produziert.)<\/em><\/p>\n\n\n\n<p><strong>\u00dcber die Ausstellung<\/strong><\/p>\n\n\n\n<p><em>\/ Traducci\u00f3n al espa\u00f1ol v\u00e9ase al final<\/em><\/p>\n\n\n\n<p>Als kollektive Installation nimmt \u201cDas Kasino\u201d Bezug auf die Geschichte eines einzigartigen Kultur- geb\u00e4udes der chilenischen Unidad Popular von Pr\u00e4sident Allende (1970\u201373).<\/p>\n\n\n\n<p>F\u00fcr die Ausrichtung der dritten Konferenz der Vereinten Nationen, UNCTAD III, entstand 1972 in Santiago de Chile das architektonisch-vision\u00e4re Kulturzentrum Gabriela Mistral. Das mit vereinter Kraftanstrengung errichtete moderne Geb\u00e4ude sollte beispielhaft f\u00fcr den kulturellen und gesellschaftlichen Aufbruch des Landes stehen. K\u00fcnstler*Innen wie Kunsthandwerker*Innen beteiligten sich mit Skulpturen, Wandgem\u00e4lden, Licht- und Glas Installationen an dem Projekt.<\/p>\n\n\n\n<p>Zu ihnen z\u00e4hlte auch die Textilk\u00fcnstlerin Paulina Brugnoli. Die heute 84-j\u00e4hrige erinnerte sich 2023 im Gespr\u00e4ch an den emblematischen Ort:<\/p>\n\n\n\n<p><em>\u201cAlles war offen. Du hast die Stra\u00dfe dahinter gesehen und die G\u00e4rten. Die Leute gingen ein und aus \u2013 besuchten das Kino, die Ausstellungen und das Kasino. Es war sch\u00f6n.\u201d<\/em><\/p>\n\n\n\n<p>Nach dem Milit\u00e4rputsch in Chile am 11. September 1973 wurden die R\u00e4ume gepl\u00fcndert und das Geb\u00e4ude \u00fcber Jahrzehnte zweckentfremdet.<br>Die Ausstellung \u201eDas Kasino\u201c nimmt die Erinnerung an das historische Geb\u00e4ude zum Ausgangspunkt f\u00fcr eine k\u00fcnstlerisch experimentelle Auseinandersetzung \u00fcber soziale R\u00e4ume, gestalterische Praktiken und gesellschaftliche Visionen.<\/p>\n\n\n\n<p>Konzept: Valeria Fahrenkrog, Eva-Christina Meier und Inken Reinert<\/p>\n\n\n\n<figure class=\"wp-block-image size-large\"><a href=\"https:\/\/dreipalmen.com\/wp-2cf85-content\/uploads\/2025\/05\/Bildschirmfoto-2025-05-28-um-14.09.02.png\" data-rel=\"lightbox-image-1\" data-rl_title=\"\" data-rl_caption=\"\" title=\"\"><img loading=\"lazy\" decoding=\"async\" width=\"1024\" height=\"759\" src=\"https:\/\/dreipalmen.com\/wp-2cf85-content\/uploads\/2025\/05\/Bildschirmfoto-2025-05-28-um-14.09.02-1024x759.png\" alt=\"\" class=\"wp-image-945\" srcset=\"https:\/\/dreipalmen.com\/wp-2cf85-content\/uploads\/2025\/05\/Bildschirmfoto-2025-05-28-um-14.09.02-1024x759.png 1024w, https:\/\/dreipalmen.com\/wp-2cf85-content\/uploads\/2025\/05\/Bildschirmfoto-2025-05-28-um-14.09.02-300x222.png 300w, https:\/\/dreipalmen.com\/wp-2cf85-content\/uploads\/2025\/05\/Bildschirmfoto-2025-05-28-um-14.09.02-768x569.png 768w, https:\/\/dreipalmen.com\/wp-2cf85-content\/uploads\/2025\/05\/Bildschirmfoto-2025-05-28-um-14.09.02-1536x1138.png 1536w, https:\/\/dreipalmen.com\/wp-2cf85-content\/uploads\/2025\/05\/Bildschirmfoto-2025-05-28-um-14.09.02-1200x889.png 1200w, https:\/\/dreipalmen.com\/wp-2cf85-content\/uploads\/2025\/05\/Bildschirmfoto-2025-05-28-um-14.09.02.png 1782w\" sizes=\"(max-width: 1024px) 100vw, 1024px\" \/><\/a><\/figure>\n\n\n\n<p><strong>Abbildungen: <\/strong>Portrait Paulina Brugnoli. Webarbeit P. Brugnoli, 2023 (Foto: E.C. Meier)\/ Architekturskizze Glasdach von Juan Bernal Ponce (Biblioteca Nacional, Chile\/ Archivaufnahme Kasino mit Weiden-fischen von A. Manzano, 1972 (Foto: M. Lawner)<\/p>\n\n\n\n<p><strong>\u00dcber die K\u00fcnstler*Innen der Ausstellung:<\/strong><\/p>\n\n\n\n<p><strong>Valeria Fahrenkrog<\/strong> (1980, Asunci\u00f3n, Paraguay) ist eine deutsch- chilenische bildende K\u00fcnstlerin und Publizistin. Hauptthema ihrer Arbeit ist die Erforschung verschiedener Formen der Repra\u0308sentation und des Dialogs zwischen (urbanen) Ra\u0308umen und ku\u0308nstlerischer Sprache. Die Entwicklung von Strategien zur U\u0308bersetzung verschiedener Themen findet ihren Ausdruck in unterschiedlichen Medien, von der Installation bis zu diversen Veranstaltungsformaten. Sie ist Mitgr\u00fcnderin der Berliner Hefte zu Geschichte und Gegenwart der Stadt und seit 2020 arbeitet sie mit Erik G\u00f6ngrich und Nora Wilhelm am Projekt MITKUNSTZENTRALE \u2013 Werkstatt f\u00fcr Kunst und Klima im Haus der Statistik. www.dreipalmen.com \/ www.mitkunstzentrale.de \/ www.berlinerhefte.de<\/p>\n\n\n\n<p><strong>Eva-Christina Meier<\/strong>, Fotografin, Autorin und Kuratorin, lebt in Berlin. Studium der visuellen Kommunikation, Kunsthochschule Berlin- Wei\u00dfensee u. Z\u00fcrcher Hochschule der K\u00fcnste. Meistersch\u00fclerin bei Katharina Grosse (2001). Herausgeberin (mit Valeria Fahrenkrog u. Galer\u00eda Metropolitana) von &#8222;Chile International II. Skizzen des S\u00fcdens \u2013 Landkarten von morgen&#8220; (Berlin, 2022); Kuratorin der Ausstellungen \u201cCut &amp; Mix. Kulturelle Aneignung und k\u00fcnstlerische Behauptung\u201d, ifa Galerie Berlin\/Stuttgart 2011, \u201cMuseo Santiago\u201d, Kunstraum Bethanien Berlin 2009 u.a. www.eva-christina-meier.de<\/p>\n\n\n\n<p><strong>Marcela Moraga<\/strong> ist bildende K\u00fcnstlerin u. Kunstvermittlerin, lebt in Berlin. Mitbegr\u00fcnderin von \u201eMuseo Comunitario del agua \u2013 Rio Renaico\u201c in Chile 2016. Co-Kuratorin von \u201eMuseo de la Democracia\u201c, nGbK Berlin 2021. Autorin von \u201cEin Fluss, ein Archiv. Die Berliner Spree\u201d 2022.<\/p>\n\n\n\n<p>2024 war sie Artist-in-Residence im Forschungszentrum CERN in Genf und ALMA (Atacama Large Millimeter Array) in der chilenischen Atacama W\u00fcste. www.marcelamoraga.org\/<\/p>\n\n\n\n<p><strong>Mar\u00eda Mu\u00f1oz, <\/strong>geb. in Santiago de Chile, lebt in Berlin. Sie studierte Bildende Kunst an der Universidad Cat\u00f3lica de Chile und an der UdK Berlin. (Meistersch\u00fclerin bei Prof. Robert Lucander). F\u00fcr ihre k\u00fcnst- lerischen Projekte erhielt sie verschiedene Stipendien und Kulturf\u00f6r- derungen u.a. in Chile. Ausstellungen und Kunstmessen u.a. in Berlin, Santiago de Chile, Lima und Wien. www.maria-munoz.com\/<\/p>\n\n\n\n<p><strong>Leonardo Portus <\/strong>ist bildender K\u00fcnstler und Kunsthandwerker. Er lebt in Santiago de Chile. In detailreichen Modellbau-Objekten u. Fotografie besch\u00e4ftigt er sich mit Architektur und Erinnerung \u2013 mit historischen Orten und Spuren der Moderne. 2012: LIMBO, Galer\u00eda Die Ecke y \u00bfEsta ser\u00e1 mi casa, cuando me vaya yo?, Sala Gasco 2014: Estaci\u00f3n Utop\u00eda, Museo MAVI 2018 y 2019: Soplos de Luz, CECAL Chill\u00e1n y Salas MNBA Mall Plaza El Tr\u00e9bol y Vespucio u.a. www.instagram.com\/leonardo.portus\/<\/p>\n\n\n\n<p><strong>Inken Reinert<\/strong>, in Jena geboren, lebt und arbeitet in Berlin. Studium der Malerei, Kunsthochschule Berlin-Wei\u00dfensee. Meistersch\u00fclerin bei Werner Liebmann (2000), Assistentin von Julie Mehretu, 2008\/09 u. Keramikerin. Ihre k\u00fcnstlerische Arbeit besch\u00e4ftigt sich mit Umbr\u00fcchen, die politische und gesellschaftliche Transformationen nach sich ziehen und lotet deren Einfluss auf Architektur, Design und \u00f6ffentlichen Raum aus \u2013 kommen-tiert analytisch, manchmal auch poetisch die Widerspr\u00fcche zwischen Utopie, Realit\u00e4t und individuellem Lebensentwurf. www.inken-reinert.de\/<\/p>\n\n\n\n<p><strong>Weiterf\u00fchrende Informationen:<\/strong><\/p>\n\n\n\n<p>\u201cAllendes Kultur und Brugnolis Werk\u201d, Interview mit Paulina Brugnoli, taz 1.09.2023: www.taz.de\/50-Jahre-Militaerputsch-in-Chile\/!5954774\/<br>V. Fahrenkrog, E.-Ch.Meier, Galeria Metropolitana \u201cChile International II Skizzen des S\u00fcdens \u2013 Landkarten von morgen\u201d Berlin 2022, dt\/sp www.gam.cl\/somos\/edificio\/historia\/ www.goethe.de\/ins\/cl\/de\/kul\/knt\/cin.html www.ngbk.de\/de\/shop\/publikationen\/chile-international-ii www.eva-christina-meier.de\/images\/blick-ins-buch_chile-international- ii.pdf<\/p>\n\n\n\n<p><\/p>\n\n\n\n<p><strong>Introducci\u00f3n espa\u00f1ol \/ El Casino<\/strong><\/p>\n\n\n\n<p>La instalaci\u00f3n colectiva, \u00abEl Casino\u00bb remite a la historia de un edificio cultural \u00fanico de la Unidad Popular chilena del Presidente Allende (1970-73). El visionario Centro Cultural Gabriela Mistral se con- struy\u00f3 en Santiago de Chile en 1972 para albergar la tercera Conferencia de las Naciones Unidas, UNCTAD III. El moderno edificio, un esfuerzo comu- nitario, se consider\u00f3 un ejemplo del despertar cultu- ral y social del pa\u00eds. Artistas y artesanxs parti-ciparon en el proyecto con esculturas, murales e instala- ciones vitrales y estructuras arquitectonicas.<\/p>\n\n\n\n<p>Entre ellos estaba Paulina Brugnoli. La artista textil, que ahora tiene 84 a\u00f1os, record\u00f3 el emblem\u00e1tico lugar en una entrevista en 2023: &#8222;Era todo abierto. T\u00fa ve\u00edas la calle de m\u00e1s all\u00e1, los jardines. La gente entraba, sal\u00eda, iba a las salas de cine, iba a las exposiciones, al casino. Era lindo.&#8220;.<\/p>\n\n\n\n<p>Tras el golpe militar del 11 de septiembre de 1973 en Chile, las salas fueron saqueadas y el edificio fue mal utilizado durante d\u00e9cadas. La exposici\u00f3n \u00abEl Casino\u00bb toma la memoria del hist\u00f3rico edificio como punto de partida para una reflexi\u00f3n experimental de los espacios sociales, las pr\u00e1cticas art\u00edsticas y las visiones sociales. \/Concepto: Valeria Fahrenkrog, Eva-Christina Meier e Inken Reinert<\/p>\n","protected":false},"excerpt":{"rendered":"<p>Das Kasino 1 Fahrenkrog\/ Meier\/ Reinert; 2 Eva-Christina Meier; 3 Inken Reinert ; 4 Valeria Fahrenkrog; 5 Leonardo Portus ; 6 Mar\u00eda Mu\u00f1oz ; 7 Marcela Moraga 1_Valeria Fahrenkrog, Eva-Christina Meier, Inken Reinert. Das Glasdach, 2025. Pigment auf Glas, variable Gr\u00f6\u00dfe\/ 1972 entwarf der chilenische K\u00fcnstler und Architekt Juan Bernal Ponce ein Glasmosaik f\u00fcr das [&hellip;]<\/p>\n","protected":false},"author":1,"featured_media":931,"parent":0,"menu_order":0,"comment_status":"closed","ping_status":"closed","template":"","meta":{"footnotes":""},"_links":{"self":[{"href":"https:\/\/dreipalmen.com\/index.php?rest_route=\/wp\/v2\/pages\/911"}],"collection":[{"href":"https:\/\/dreipalmen.com\/index.php?rest_route=\/wp\/v2\/pages"}],"about":[{"href":"https:\/\/dreipalmen.com\/index.php?rest_route=\/wp\/v2\/types\/page"}],"author":[{"embeddable":true,"href":"https:\/\/dreipalmen.com\/index.php?rest_route=\/wp\/v2\/users\/1"}],"replies":[{"embeddable":true,"href":"https:\/\/dreipalmen.com\/index.php?rest_route=%2Fwp%2Fv2%2Fcomments&post=911"}],"version-history":[{"count":11,"href":"https:\/\/dreipalmen.com\/index.php?rest_route=\/wp\/v2\/pages\/911\/revisions"}],"predecessor-version":[{"id":953,"href":"https:\/\/dreipalmen.com\/index.php?rest_route=\/wp\/v2\/pages\/911\/revisions\/953"}],"wp:featuredmedia":[{"embeddable":true,"href":"https:\/\/dreipalmen.com\/index.php?rest_route=\/wp\/v2\/media\/931"}],"wp:attachment":[{"href":"https:\/\/dreipalmen.com\/index.php?rest_route=%2Fwp%2Fv2%2Fmedia&parent=911"}],"curies":[{"name":"wp","href":"https:\/\/api.w.org\/{rel}","templated":true}]}}